 highest common factor of 527 and 85?
17
What is the highest common factor of 39 and 325?
13
Calculate the greatest common divisor of 993 and 2317.
331
What is the highest common factor of 255 and 68?
17
Calculate the highest common factor of 220 and 340.
20
What is the highest common divisor of 3 and 69?
3
What is the highest common divisor of 987 and 188?
47
What is the highest common divisor of 198 and 3294?
18
Calculate the greatest common factor of 420 and 8.
4
What is the highest common divisor of 1584 and 9?
9
Calculate the highest common factor of 44048 and 16.
16
What is the greatest common factor of 1862 and 38?
38
What is the highest common divisor of 160 and 1952?
32
Calculate the highest common divisor of 13 and 14599.
13
What is the greatest common divisor of 196 and 112?
28
What is the greatest common divisor of 754 and 87?
29
Calculate the highest common factor of 22 and 5159.
11
What is the highest common factor of 52 and 6968?
52
What is the greatest common divisor of 44 and 704?
44
Calculate the highest common divisor of 4 and 292.
4
What is the greatest common factor of 208 and 256?
16
What is the highest common divisor of 65697 and 359?
359
What is the greatest common divisor of 88 and 16?
8
Calculate the highest common divisor of 22 and 506.
22
Calculate the greatest common factor of 45 and 369.
9
Calculate the greatest common divisor of 52 and 78.
26
Calculate the highest common divisor of 605 and 1375.
55
What is the greatest common divisor of 4 and 1508?
4
Calculate the greatest common factor of 56 and 112.
56
Calculate the highest common factor of 15 and 270.
15
Calculate the greatest common factor of 50 and 1900.
50
What is the highest common divisor of 21 and 123?
3
What is the highest common factor of 24 and 120?
24
What is the highest common divisor of 1188 and 11?
11
What is the greatest common divisor of 39178 and 38?
38
Calculate the greatest common factor of 3239 and 79.
79
Calculate the greatest common divisor of 1230 and 41.
41
What is the greatest common factor of 78 and 5343?
39
Calculate the highest common factor of 164 and 37556.
164
Calculate the greatest common factor of 8 and 328.
8
Calculate the highest common divisor of 1152 and 207.
9
What is the highest common factor of 438 and 2263?
73
What is the greatest common factor of 462 and 594?
66
Calculate the greatest common divisor of 384 and 1792.
128
What is the highest common factor of 51 and 51?
51
What is the greatest common divisor of 120 and 5496?
24
Calculate the greatest common factor of 6120 and 85.
85
Calculate the highest common factor of 20 and 710.
10
Calculate the greatest common divisor of 128 and 44256.
32
What is the highest common factor of 31 and 155?
31
Calculate the highest common factor of 742 and 182.
14
Calculate the greatest common divisor of 44910 and 270.
90
What is the highest common divisor of 320 and 10?
10
What is the greatest common divisor of 109339 and 53?
53
What is the greatest common divisor of 204 and 6375?
51
Calculate the greatest common divisor of 144 and 1368.
72
What is the highest common divisor of 10 and 2720?
10
Calculate the highest common divisor of 871 and 1183.
13
Calculate the greatest common factor of 768 and 1128.
24
Calculate the greatest common factor of 2 and 10.
2
Calculate the greatest common divisor of 72 and 32.
8
What is the greatest common divisor of 52 and 138?
2
Calculate the highest common factor of 1590 and 150.
30
Calculate the greatest common divisor of 2680 and 32.
8
Calculate the highest common factor of 12075 and 138.
69
Calculate the highest common factor of 40 and 7880.
40
What is the highest common divisor of 2145 and 2805?
165
What is the greatest common factor of 1339 and 13?
13
Calculate the greatest common factor of 9 and 99.
9
What is the greatest common divisor of 361 and 1?
1
Calculate the greatest common divisor of 140 and 700.
140
What is the greatest common factor of 1701 and 5589?
243
Calculate the highest common factor of 26379 and 27.
27
Calculate the highest common factor of 7287 and 63.
21
Calculate the greatest common divisor of 112 and 2096.
16
Calculate the greatest common factor of 41 and 328.
41
Calculate the greatest common divisor of 9325 and 25.
25
Calculate the highest common divisor of 632 and 5214.
158
What is the greatest common factor of 555 and 1443?
111
Calculate the highest common factor of 142 and 3834.
142
Calculate the highest common divisor of 304 and 38.
38
What is the greatest common factor of 220 and 185?
5
What is the greatest common divisor of 5389 and 17?
17
Calculate the greatest common factor of 6886 and 22.
22
Calculate the highest common divisor of 72 and 896.
8
What is the highest common factor of 180 and 21180?
60
Calculate the highest common factor of 5 and 6455.
5
What is the highest common factor of 1026 and 3672?
54
Calculate the highest common divisor of 228 and 15.
3
Calculate the greatest common divisor of 106 and 106.
106
What is the greatest common factor of 55 and 473?
11
What is the highest common divisor of 429 and 117?
39
What is the greatest common factor of 4218 and 114?
114
What is the highest common divisor of 120 and 45?
15
What is the greatest common divisor of 576 and 18?
18
What is the greatest common divisor of 6728 and 58?
58
Calculate the greatest common divisor of 17 and 85.
17
What is the highest common divisor of 552 and 48?
24
Calculate the highest common factor of 288 and 240.
48
Calculate the highest common factor of 124 and 5146.
62
What is the greatest common factor of 22851 and 9?
9
Calculate the highest common divisor of 63 and 525.
21
What is the highest common divisor of 130 and 30?
10
Calculate the greatest common divisor of 1897 and 42.
7
What is the greatest common divisor of 175 and 70?
35
Calculate the highest common factor of 1152 and 1062.
18
Calculate the greatest common factor of 504 and 63.
63
What is the greatest common divisor of 32 and 2528?
32
What is the greatest common divisor of 1677 and 387?
129
What is the greatest common divisor of 16 and 32?
16
What is the highest common divisor of 180 and 500?
20
Calculate the greatest common divisor of 273 and 14.
7
What is the highest common factor of 308 and 10?
2
Calculate the greatest common divisor of 2882 and 655.
131
What is the greatest common divisor of 267 and 11481?
267
What is the greatest common factor of 64 and 736?
32
What is the greatest common divisor of 24 and 24?
24
Calculate the greatest common divisor of 648 and 312.
24
Calculate the highest common divisor of 16 and 568.
8
Calculate the greatest common divisor of 1000 and 150.
50
Calculate the highest common divisor of 608 and 32.
32
Calculate the highest common factor of 1971 and 216.
27
What is the greatest common divisor of 13 and 4498?
13
Calculate the greatest common factor of 1 and 4.
1
What is the greatest common factor of 2405 and 111?
37
What is the greatest common divisor of 24 and 8072?
8
What is the highest common factor of 188 and 4?
4
Calculate the highest common factor of 76 and 812.
4
Calculate the greatest common divisor of 5 and 895.
5
Calculate the highest common divisor of 429 and 65.
13
Calculate the greatest common divisor of 61 and 1037.
61
What is the greatest common divisor of 500 and 36?
4
What is the greatest common factor of 15 and 3?
3
What is the greatest common divisor of 97 and 17?
1
Calculate the greatest common divisor of 1320 and 2760.
120
What is the greatest common factor of 55 and 35?
5
Calculate the highest common divisor of 4775 and 25.
25
Calculate the greatest common factor of 201 and 67.
67
Calculate the greatest common factor of 105 and 63.
21
What is the highest common divisor of 55 and 605?
55
Calculate the greatest common divisor of 369 and 164.
41
What is the highest common factor of 93 and 2511?
93
What is the greatest common divisor of 4 and 3?
1
What is the highest common divisor of 35 and 85?
5
What is the greatest common divisor of 15 and 27?
3
Calculate the greatest common divisor of 13 and 793.
13
What is the highest common factor of 1364 and 44?
44
Calculate the greatest common factor of 2634 and 6.
6
What is the highest common divisor of 550 and 1210?
110
Calculate the greatest common factor of 80 and 5030.
10